 common factor of 11175308 and 59?
59
Calculate the greatest common factor of 4 and 599430628.
4
Calculate the highest common factor of 951804897 and 137.
137
What is the greatest common divisor of 34999 and 85066763?
1129
What is the highest common factor of 1436 and 93376977?
359
Calculate the highest common divisor of 24360 and 300585.
435
Calculate the greatest common factor of 2098387200 and 240.
240
What is the highest common factor of 24411260 and 1240?
620
Calculate the highest common factor of 4370 and 215365.
95
Calculate the greatest common divisor of 18842863 and 14859.
1651
Calculate the greatest common divisor of 209234616 and 48.
24
What is the highest common factor of 2560 and 151480?
40
Calculate the greatest common divisor of 94845 and 20505.
15
What is the greatest common factor of 256 and 9670016?
128
Calculate the highest common factor of 5350 and 1628994750.
5350
What is the greatest common divisor of 7914680 and 40?
40
Calculate the highest common factor of 9208867 and 11755.
2351
What is the highest common divisor of 1985242 and 98?
14
Calculate the highest common factor of 6255739 and 710.
71
Calculate the greatest common divisor of 202112406 and 1062.
1062
What is the highest common divisor of 499652 and 4324?
92
What is the highest common factor of 82175 and 63975?
25
What is the greatest common factor of 35810148 and 5544?
132
Calculate the highest common factor of 1698 and 17169610.
566
Calculate the highest common factor of 8545 and 345.
5
Calculate the highest common divisor of 1810 and 1077360.
10
What is the greatest common divisor of 1288 and 2582808?
184
What is the highest common divisor of 198126 and 10386?
18
What is the greatest common factor of 1007 and 315154748?
1007
Calculate the highest common factor of 692247938 and 38.
38
What is the highest common factor of 8735576 and 93208?
1528
Calculate the greatest common divisor of 350 and 19229300.
50
Calculate the highest common factor of 7415191 and 7.
7
Calculate the highest common factor of 616 and 5776232.
616
What is the greatest common divisor of 24186018 and 23?
23
Calculate the greatest common divisor of 30029979 and 163.
163
What is the greatest common factor of 204 and 4504252?
68
Calculate the greatest common factor of 2340 and 34021065.
195
What is the highest common factor of 39 and 15623725?
13
Calculate the highest common factor of 5932 and 44037685.
1483
Calculate the greatest common factor of 1785778 and 10894.
838
What is the greatest common divisor of 1823212 and 592?
148
What is the highest common divisor of 44 and 56132956?
44
Calculate the greatest common divisor of 20 and 30974635.
5
What is the highest common factor of 104144727 and 12990?
1299
Calculate the highest common divisor of 58376 and 114776.
8
Calculate the greatest common factor of 620267 and 65077.
59
What is the greatest common factor of 131 and 307009373?
131
What is the greatest common divisor of 21075472 and 176?
176
What is the highest common divisor of 14884 and 378?
2
Calculate the highest common divisor of 4016 and 403608.
2008
What is the highest common factor of 7241 and 683527?
13
What is the greatest common divisor of 20585 and 804655?
115
Calculate the highest common divisor of 1303 and 1067452781.
1303
What is the greatest common factor of 35240 and 32280?
40
Calculate the highest common divisor of 46396042 and 224784.
3122
What is the greatest common divisor of 124855683 and 753?
753
What is the highest common divisor of 74430 and 17730?
90
Calculate the highest common divisor of 30 and 9072781.
1
Calculate the greatest common factor of 38410155 and 2835.
315
Calculate the highest common divisor of 867 and 2591922.
51
What is the greatest common divisor of 324876 and 844?
4
What is the greatest common factor of 240 and 3684624?
48
Calculate the greatest common factor of 49758943 and 104.
13
Calculate the highest common divisor of 3904 and 1676768.
1952
Calculate the greatest common factor of 2855015 and 235.
235
What is the highest common divisor of 244188 and 3922189?
323
What is the highest common divisor of 53148 and 22178372?
412
Calculate the highest common divisor of 9141 and 1689003899.
3047
Calculate the greatest common divisor of 142002 and 140826.
294
What is the highest common divisor of 14329450 and 5200?
50
What is the highest common factor of 106069110 and 3360?
210
What is the greatest common divisor of 228285 and 59985?
45
What is the highest common divisor of 39 and 165873?
3
Calculate the highest common factor of 215366 and 114806.
838
What is the greatest common divisor of 87 and 337758157?
29
What is the greatest common divisor of 307836 and 60?
12
Calculate the greatest common divisor of 39880 and 965.
5
Calculate the highest common divisor of 386 and 728409599.
193
Calculate the greatest common divisor of 243999 and 3024.
189
Calculate the highest common factor of 280675 and 415726.
109
What is the highest common factor of 2159320 and 9768?
296
Calculate the greatest common divisor of 23 and 93549763.
23
Calculate the highest common factor of 3013452 and 411.
411
What is the highest common factor of 228199230 and 315?
315
Calculate the highest common divisor of 3652216 and 435896.
4232
Calculate the highest common factor of 5890 and 136309325.
2945
What is the highest common factor of 3 and 5539935?
3
What is the highest common factor of 3080 and 6262300?
220
What is the greatest common factor of 20957 and 11666?
19
Calculate the greatest common factor of 186 and 88487082.
186
What is the highest common divisor of 864083 and 34463?
11
Calculate the greatest common factor of 1701 and 22134.
21
Calculate the greatest common divisor of 8019 and 99063.
81
What is the greatest common factor of 1346092 and 10252?
44
Calculate the highest common factor of 61042 and 4936.
2
Calculate the highest common divisor of 253820 and 542185.
245
Calculate the greatest common factor of 7068 and 28365.
93
What is the highest common divisor of 2471262 and 60?
6
Calculate the highest common factor of 11799779 and 76.
19
What is the greatest common divisor of 144 and 16077780?
36
Calculate the highest common factor of 1286621 and 21238.
287
Calculate the highest common factor of 11169 and 391527.
153
Calculate the greatest common divisor of 854427 and 46.
23
What is the greatest common factor of 66 and 110544?
6
Calculate the highest common divisor of 2350 and 74133194.
94
What is the highest common divisor of 140653485 and 9940?
2485
Calculate the greatest common factor of 860 and 336220.
20
What is the greatest common factor of 26783649 and 36?
9
Calculate the greatest common divisor of 152422 and 12274454.
8966
What is the highest common factor of 3065664825 and 35190?
17595
Calculate the greatest common divisor of 1520 and 27502960.
80
Calculate the highest common factor of 1817456 and 10832.
16
What is the highest common factor of 1280532 and 132?
132
Calculate the highest common factor of 1890930 and 13890.
30
Calculate the highest common factor of 26483763 and 753.
753
Calculate the greatest common divisor of 60886133 and 3535.
707
Calculate the highest common divisor of 14333 and 157421.
11
Calculate the greatest common factor of 116 and 291105654.
58
Calculate the highest common factor of 834916 and 4124.
4
Calculate the greatest common divisor of 34104003 and 535.
107
What is the greatest common factor of 120824 and 5544?
88
Calculate the highest common factor of 50942422 and 1244.
622
What is the greatest common divisor of 3445 and 76706370?
3445
What is the highest common factor of 408 and 295168?
8
Calculate the highest common divisor of 2288 and 18982106.
286
What is the highest common factor of 313484998 and 34?
34
What is the highest common factor of 15342546 and 636?
318
What is the highest common factor of 82293 and 111?
3
What is the greatest common factor of 47433780 and 180?
180
What is the greatest common divisor of 1735 and 1965920?
5
What is the highest common divisor of 57720080 and 55?
55
Calculate the highest common factor of 595 and 224145.
85
Calculate the highest common factor of 8275 and 38052422.
331
Calculate the highest common divisor of 28379581 and 97.
97
Calculate the greatest common divisor of 11827362 and 1410.
28